1, 8*p = 4*y + 3*p - 195. Let v be (16/48)/(-1*1/(-21)). What is the remainder when y is divided by 23 - (-15)/(-21)*v?
14
Let a(f) = -3*f - 27 - 2*f - 3*f. Let h be 2418/279*6/(-4). What is the remainder when a(h) is divided by 27?
23
Suppose 2*s = -2*s + 1396. Suppose 2*m + 75 - s = 0. Let x = -13513 + 13533. Calculate the remainder when m is divided by x.
17
Let f = 998 - 251. Let b = 824 - f. Calculate the remainder when 217 is divided by b.
63
Let m(n) = -3*n**3 + 3*n**2 + 3*n + 5. Let h be m(4). Let r = 130 + h. Calculate the remainder when 20 is divided by r.
2
What is the remainder when (-1 + 1562 + 1)*(138 + -137) is divided by 174?
170
Let z = -16369 - -16652. What is the remainder when 862 is divided by z?
13
Let h be ((-9)/(-6))/((-3)/(-246)). Let m = -71 + h. What is the remainder when m is divided by (9/(-12))/(-7*1/168)?
16
Let m = -483 - -567. Suppose 264*a = 265*a - m. What is the remainder when 587 is divided by a?
83
Let n = 8 - 13. Let u = n - -28. Let f(b) = -b**2 + 14*b + 50. Calculate the remainder when f(10) is divided by u.
21
Let h(o) = 4*o - 22. Let x be h(5). Let l be 92/60*6 + x/10. Suppose 0 = -l*s - 112 + 373. Calculate the remainder when 144 is divided by s.
28
Let f(n) = n**3 - 17*n**2 + 21*n - 21. Let m(j) = -2*j**3 - 17*j**2 + 9*j + 18. Calculate the remainder when f(16) is divided by m(-9).
5
Let b = -638 + 660. Suppose -4*w + 1903 = 3*a, -5*w = a - 4*w - 633. Suppose 5*j - a = -214. What is the remainder when j is divided by b?
17
Let f(n) = 196 - 8*n + 0*n - 193. Let o = 27 + 102. Calculate the remainder when o is divided by f(-1).
8
Let g be (-1)/6 + 8001/54. Suppose 0 = -g*z + 155*z - 196. Calculate the remainder when 279 is divided by z.
27
Let i = 147 + 80. Suppose -3*p = i - 398. What is the remainder when p is divided by 31?
26
Suppose -7*y + 9*y + 8 = 0. Let j be (-1*(-1 - y))/(4/(-116)). Suppose -331 + j = -4*b. What is the remainder when b is divided by 21?
19
What is the remainder when 152/114*5940/8 is divided by 31?
29
Calculate the remainder when (32/(-6))/(-4) + (-5)/((-285)/73169) is divided by 320.
5
Let k = -41 - -54. Suppose -a = 5*u - 22, -14 - 11 = -a - 4*u. What is the remainder when a is divided by k?
11
Let j be 2/((-24)/(-246))*14. Suppose 36*i - 43*i + j = 0. Calculate the remainder when i is divided by 40.
1
Suppose -4*o + 7*o + 5*g = -16, o = -3*g. Let q(h) = -1 - 7*h + 30*h**3 - 31*h**3 + 3 - 12*h**2. What is the remainder when q(o) is divided by 29?
28
Let d(f) = -9*f - 39. Let x be d(-17). Suppose -7*u + 4*u = x. Calculate the remainder when 132 is divided by (4 - 12)/2 - u.
30
Suppose -2*n + 4*k = 2*n - 172, -2*k - 129 = -3*n. Suppose 30*s + 988 = n*s. What is the remainder when s is divided by 34?
8
Let i(q) = -q + 1. Let a(h) = -19*h - 225. Let y be a(-12). Let z(f) = -f**3 + 5*f**2 - f + 18. Calculate the remainder when z(y) is divided by i(-6).
5
Let f(t) = 3*t**2 + 106*t + 802. Calculate the remainder when 434 is divided by f(-8).
142
What is the remainder when 1249 is divided by 14/(224/48) + 205?
1
What is the remainder when 3151 is divided by (495/(-66) + 9)/(6/452)?
100
Suppose -2*f = 21 - 119. Let i = 71 + f. What is the remainder when i is divided by 29?
4
Let h = 517 + -309. Suppose 224 = 5*w - o + 196, 0 = 2*w - 2*o. What is the remainder when h is divided by w?
5
Let u(f) = 24*f - 368. What is the remainder when 667 is divided by u(20)?
107
Suppose -2890 + 503 = 7*u. Let a = -305 - u. Calculate the remainder when 92 is divided by a.
20
Suppose 4*s + 14 = 22. Suppose s*z - 91 = 59. What is the remainder when z/10*12/10 is divided by 7?
2
Let z(v) = v**2 - 4*v. Let r be z(15). Let f = r - 117. Let l = 34 - -56. Calculate the remainder when l is divided by f.
42
Let s = 12 - -40. Let b(z) = -z**3 + 18*z**2 - 65*z + 3. What is the remainder when b(10) is divided by s?
49
Suppose -4*a + 713 = 2*z - 331, a = -z + 265. What is the remainder when 1044 is divided by a?
16
Suppose -3*w - 2*z - 330 = -2840, -2*w - 3*z = -1685. What is the remainder when w is divided by 46?
4
Calculate the remainder when 3610/8 + (-62)/248 is divided by 216.
19
Let o be (-21)/126 - 121/(-6). Suppose o = 4*d, 59*d - 1563 = -4*c + 56*d. Calculate the remainder when c is divided by 65.
62
Let i(y) = -2*y**3 + 209*y**2 + 325*y - 432. Calculate the remainder when i(106) is divided by 157.
153
Suppose 51 = -12*r + 87. Suppose 3*i - 4*m = -r + 167, i + 5*m = 42. Let p(c) = -c**2 + c + 18. Calculate the remainder when i is divided by p(0).
16
Suppose 4*f - 3*m - 215 = 2, 315 = 5*f + 5*m. What is the remainder when 1271 is divided by f?
53
Let t(b) = -2*b**3 - 6*b**2 + 10*b + 20. Let p be t(-5). Suppose 6*h - p - 146 = 0. Let o = h + -34. What is the remainder when 6 is divided by o?
0
Calculate the remainder when (10/(-1))/((-125)/(-50)) + 31 is divided by 22.
5
Suppose -35 - 20 = -5*q. Let c(m) = 6*m**2 + 59*m + 5. Let h be c(-10). Suppose -2*n = 3*n + h, 4*i + 2*n = 206. Calculate the remainder when i is divided by q.
9
Let q = 16 - 15. Let m = 2 + q. Suppose -20 = 4*c, m*d - 3*c + c = 49. What is the remainder when 26 is divided by d?
0
Let y(b) = b**3 + 12*b**2 + 5*b + 23. Calculate the remainder when (-15)/(-20) + (-8268)/(-48) is divided by y(-11).
84
Let i = -51 - -59. Suppose -l - 4 + 10 = -2*b, 0 = -2*l - 5*b - 6. Calculate the remainder when i is divided by l.
0
Suppose 0 = -5*h + 51 + 9. Calculate the remainder when (-2 - 1321/(-3))/((22715/(-231))/(-59)) is divided by h.
11
Suppose 1295*y - 434 = 1294*y. Suppose -16*v - y = -78*v. Let n(r) = -r**3 - r**2 + r. What is the remainder when n(-3) is divided by v?
1
Let r(o) = -3*o**3 - o**2 + 3*o + 5. Let n(a) = -4*a - 40. Let w be n(-10). Let b(q) = 12*q + 72. Calculate the remainder when b(w) is divided by r(-2).
15
Let c(a) = 59*a - 269. What is the remainder when 156 is divided by c(5)?
0
Suppose 2 = -q + 3*n + 3278, -q = -2*n - 3282. Calculate the remainder when q is divided by 38.
26
Suppose -42 = -s - 43. Let y(i) = 54*i**2 - 44*i - 43. Calculate the remainder when y(s) is divided by 33.
22
Let v(y) be the first derivative of 17 - 13*y**2 + 4/3*y**3 + 14*y. Calculate the remainder when 108 is divided by v(7).
24
Let h(u) be the first derivative of u**4/4 - 5*u**2/2 + 16*u - 37. What is the remainder when 102 is divided by h(3)?
18
Suppose -4*m + 405 = 5*x - 8*m, 0 = -x - m + 90. Suppose 0*n + 3*n = -5*y + 2132, -3*y + 1260 = -3*n. Calculate the remainder when y is divided by x.
84
Suppose -3*m + 230 = 83. Suppose 5*d + j - 41 - m = 0, 36 = 2*d - j. What is the remainder when 47 is divided by d?
11
Let x(g) = -g**3 - g**2 - g + 42. Let p be x(0). Suppose -5*s + p = -2*s. Let w(b) = b**2 - 8*b + 13. What is the remainder when w(s) is divided by 25?
22
Let y = -227 + 241. Suppose y*c - 2*c = 396. Calculate the remainder when c is divided by 6.
3
Let a(q) = q**2 - 2*q + 77. Suppose -3*k = -0*k. Let d = 661 + -641. What is the remainder when a(k) is divided by d?
17
Let b be 7/((-27)/45 + (-28)/(-30)). Suppose 4*t = t + 36. What is the remainder when 1*(-326)/(-14) + (-6)/b is divided by t?
11
Let j(o) = 3*o**2 + 47*o - 302. Calculate the remainder when j(-32) is divided by 341.
243
Suppose 2*w = -2*n + 98, -3*w - 147 = -2*n - n. Let y = n + -46. What is the remainder when 31 is divided by 53/y - (-8)/(-12)?
14
Suppose 5*x - 5*j - 980 = 0, -58*x + 3*j + 388 = -56*x. Calculate the remainder when x is divided by 55.
35
Suppose -12*r + 86 = -406. Suppose -3*w + 196 = -r. Let k = 174 - w. What is the remainder when k is divided by 50?
45
Calculate the remainder when 507 is divided by 118 - (0 + (-3)/(-1)) - (-4 + 8).
63
What is the remainder when (6/(-4))/(6/(-244)) is divided by 55?
6
Suppose 0*i + 5*i = 4*w + 59, 2*i - 30 = 2*w. Calculate the remainder when 116 is divided by (-2440)/w*(-6)/(-15).
55
Let h(j) = 11*j**2 - 60*j - 799. Calculate the remainder when h(-11) is divided by 6.
4
Let l be ((-3)/4)/(12/(-1072)). Suppose a + 3*a + 6 = -q, -5*a = -3*q + l. Let r = 26 - -10. Calculate the remainder when r is divided by q.
8
Suppose 6*g - 5*g - 14 = k, 70 = 3*g + 4*k. Calculate the remainder when 4264/117 + 0 + 8/(-18) is divided by g.
0
Let g(b) = -b**2 + 7*b + 40. Let j be g(9). Let h(z) = -2*z + 66. Let y(p) = 4*p - 4. Calculate the